Let o be z(-9). Let d be 1/(-3)*(-63)/o. Calculate l(d).
-3
Suppose -5*x = -2*s + 7*s, 2*x = 3*s. Let p(g) = g**2 + 5. What is p(x)?
5
Let x(s) = -s**2 + 2*s + 5. Let j(i) = -12*i**2 - 6*i - 10. Let k(r) = -j(r) - 2*x(r). Calculate k(-1).
12
Let m(n) = -2*n + 3. Let u be 114/27 + (-6)/27. Let w be -2 - (196/u - 1). Let l be w/18 - 10/45. Give m(l).
9
Let y(w) = 27*w + 29. Let x(l) = 14*l + 17. Let k(z) = 11*x(z) - 6*y(z). Determine k(4).
-19
Let c(o) be the second derivative of -o**3/6 - o**2/2 + 27*o. Let r(w) = 2*w**3 - 5*w + 4*w**2 - w + 1 - w**3 - 2. Let s be r(-5). Determine c(s).
-5
Let r(b) = b**2 - 2*b - 3. Suppose 2*h - 16 = -3*h - 2*x, 0 = -5*h + 5*x - 5. Let k(u) = u**2 - 3*u - 2. Let q(w) = h*k(w) - 3*r(w). Give q(4).
-11
Let i(v) be the second derivative of -v**4/12 + v**3/2 + v**2 + 3*v. Suppose 4*c - 46 = -r - 5, 60 = 5*c + 3*r. Let n = c + -5. Calculate i(n).
-2
Let h = -11 + 15. Suppose 0 = -4*w + 5*d - 6 - 8, 4*w + 12 = h*d. Let i be -9*2/6*w. Let t(g) = g**2 - 2*g + 1. What is t(i)?
4
Suppose -14 = 3*y + 2*i, 0*y = -y + 2*i - 2. Let s(t) = -t**2 + t + 16. Calculate s(y).
-4
Suppose 0*q - 8 = 2*q. Let n(i) = 114 - i - 64 - 55. Calculate n(q).
-1
Suppose 2*b + 2*y - 6 = 0, -4*b + 0*y + 4 = -4*y. Let r(j) = 2 - b*j**2 + 4*j**2 + 2*j + 1 + 2*j**3 + 0*j**2. Calculate r(-2).
-9
Let g(u) = 2*u - 4 - 2*u - u - u**2. Suppose 0 = 5*h + 16 - 76. Suppose 5*r - 4*z = -h, r - z = 4*z - 15. What is g(r)?
-4
Let k(m) = 6*m - 6. Let s be k(2). Let r(p) = -p - 4*p + 2*p + 2*p + 6 + 6. Give r(s).
6
Let d(o) = o**2 - 8*o + 28. Let z(c) = -3*c**2 + 14*c - 57. Let h(f) = 5*d(f) + 2*z(f). Determine h(-14).
-2
Let k(l) be the third derivative of -7*l**5/30 + 33*l**2. What is k(-1)?
-14
Let t = -1 - -5. Let y(p) = -4 + t*p**2 + 4*p - 1 + p**3 + 4. Let i = -110 - -107. Calculate y(i).
-4
Let o(c) = 8 - 26 + 4*c + 19. Determine o(2).
9
Let m(u) be the second derivative of -u**4/12 + 13*u**3/6 - 12*u**2 - 4*u. Let i be m(11). Let v(t) = t**2 + 5*t + 1. Give v(i).
-5
Suppose 4*l + 12 - 69 = 5*b, -l + 12 = -b. Let w be (3 - (b - -1))*1. Suppose 14 = p - 5*n, -n + 3 + w = 4*p. Let i(x) = -x**2 + 4*x - 5. Determine i(p).
-5
Let s be ((-7)/3)/((-50)/150). Let v(o) = o**2 - 10*o - 9. Determine v(s).
-30
Let j(b) = 2*b - 5 + 6 + 0. Let u(r) = 7*r + 9. Let l(n) = 4*j(n) - u(n). Let w = 10 - 6. Give l(w).
-1
Let b(h) be the second derivative of h**3/6 - 5*h**2/2 + 9*h - 1. Let k = 4 + -8. Calculate b(k).
-9
Let s(w) = -w**3 - w**2 - w - 4. Let f(p) = 2*p**3 + p**2 + 2*p + 9. Let z = 2 + -5. Let j(o) = z*f(o) - 7*s(o). What is j(-3)?
7
Let f(h) = 7*h**2 - 1 - 6*h + 2*h**3 + 7*h**2 - 1 - 9*h**2 - h**3. What is f(-6)?
-2
Let k(y) be the third derivative of y**6/720 - y**5/30 + y**4/8 + 17*y**2. Let j(x) be the second derivative of k(x). What is j(9)?
5
Let j(m) = m**3 - m**2 + 4*m + 3. Let b = -42 - -27. Let w be (-4)/(-10)*b/3. What is j(w)?
-17
Let l(j) = j + 7. Let b = 1 - 1. Let t(r) = -r + 7. Let x be t(3). Suppose b = -4*c + x*u - 28, -3*c - 3*u + u = 11. Calculate l(c).
2
Let b be (18/(-15))/(4/((-200)/15)). Let v(w) = -15*w. Determine v(b).
-60
Let w(u) = u**2 - 5*u - 2. Let b be w(4). Suppose -3*o - 4*q + 47 = -40, -4*o + 85 = -5*q. Let k(a) = o + a + a - 8 - 8. Give k(b).
-3
Let r be -11 - (-8 + (-9)/(-3)). Let t(c) = c**3 + 5*c**2 - 9*c - 6. Calculate t(r).
12
Let f be 276/322*(-7)/1. Let l(u) = -u**2 - 10*u - 7. Give l(f).
17
Let y(b) = 21 - 95*b**2 - 24 + 185*b**2 - 96*b**2 + 3*b. Let t(h) = h**2 + 6*h + 7. Let q be t(-5). Give y(q).
-21
Let n(q) = q**3 - 7*q**2 - 8*q + 9. Suppose 3*z = 2*z + 8. Give n(z).
9
Let i(o) = -30*o - 10. Let v(m) = -4*m - 1. Let w(d) = i(d) - 8*v(d). Suppose -2*u + 3*u = -2. Determine w(u).
-6
Let r(l) = -7*l + 2. Let o = -71 + 73. What is r(o)?
-12
Let v(y) = 2*y**2 - 3*y. Let h be (4/(-2))/(-2) - -7 - 4. What is v(h)?
20
Let g(q) = -9*q - 2. Let z(x) = x - 1. Let n(b) = -g(b) - 5*z(b). What is n(-5)?
-13
Suppose -2*r + 27 = 3*h, 5*h = -r - 10 + 27. Let k(j) = -6*j**2 + 7*j - r*j - 3 + 4*j + 4. Give k(1).
-6
Let t(v) = -v - 15. Let z(b) = -4*b**3 - 4*b**2 + 4*b - 1. Let q be z(1). Determine t(q).
-10
Let n(k) = k**3 - 3*k**2 - 4*k - 2. Suppose -44 = 7*l - 79. Calculate n(l).
28
Let o(r) = -r - r - 9 + 3 - 2*r. Let m = -71 + 67. Calculate o(m).
10
Let w = 1882 + -1876. Let r(c) = 9*c - 11. Calculate r(w).
43
Let t(f) = 2*f - 5 + 1 - 6. Let l be 1/((-4)/(-468)*-3). Let o = 46 + l. Determine t(o).
4
Let o(k) = 4*k - 3*k - 3 - 9. Suppose -4*m - 18 = -2*t, 6 = 6*t - t + 3*m. Suppose 5*p = -5*h + 15, 5*p + 0*p - t*h = 31. Calculate o(p).
-7
Let b = -718 + 738. Let q(n) = n**3 - 19*n**2 - 18*n - 33. Give q(b).
7
Let b(f) = -2*f + 6. Let v(m) = -6 + m - 10 + 23. Let r be v(-7). Let q = r - -4. Determine b(q).
-2
Let h(g) = -g + 3. Let r(x) = -5*x**2 + 18*x - 22. Let b be r(2). Give h(b).
9
Suppose 5*a - 5*j = 45, -2*a - a + 4*j + 32 = 0. Let b(f) = 6*f - 2 + f**3 + 14*f - 23*f - 3*f**2. What is b(a)?
2
Suppose 2*w + 5*r = 3 + 7, 4 = -4*w - 4*r. Let l be (-50)/w*(1 + 6/(-4)). Let h(b) = b**2 + 3*b - 7. Determine h(l).
3
Let p(o) be the second derivative of -o + 0 + o**2 + 1/6*o**3 - 1/12*o**4. Let f be (12/8)/((-1)/(-2)). Give p(f).
-4
Let r(y) = -380*y**3 + 5 + 6*y**2 + 190*y**3 + 189*y**3 - y + 0*y. Give r(5).
25
Let i(r) = -r - 6. Let b be i(-3). Let y = -10 - b. Let x(p) = p**2 + 10*p - 1. What is x(y)?
-22
Let u(a) be the second derivative of a**4/12 - a**3/2 + 7*a**2/2 - 2*a + 32. Calculate u(7).
35
Let m(z) = z**2 + 10*z + 6. Let b = -66 - -58. Calculate m(b).
-10
Let c be 80/30*(-9)/(-4). Let y be (-69)/(-2)*c/9. Suppose -4*x = 3*o + y, -x - 4 = 3*o + 4. Let m(z) = -4*z - 5. Determine m(x).
15
Let c(o) = -o**3 + 7*o**2 - 7*o + 1. Let i be (-2)/(-4) - 3/(-2). Let h be 4/1 - i - (-20 - -16). Calculate c(h).
-5
Suppose 5*g + 0*x = -x - 14, -4 = -4*x. Let q(b) = -b**2 - 9*b + 8. Let n(f) = -2*f**2 - 17*f + 16. Let i(t) = g*n(t) + 5*q(t). Determine i(-8).
8
Let h(s) = -s**3 - 8*s**2 - 2*s + 10. Suppose -29*y = -16*y + 91. Determine h(y).
-25
Let n(m) = 32649*m - 32650*m + 5 - 9. Give n(-1).
-3
Let c(p) = -p**3 + 7*p**2 - 6*p - 1. Suppose 13*a - 48 = 5*a. Give c(a).
-1
Suppose 20 = -2*a - 2*a. Let k(v) be the first derivative of -v**4/4 - 2*v**3 - v**2 + 2*v - 126. Give k(a).
-13
Let i be (-48)/40*(-15)/9. Let a(n) = 4*n - 3*n**2 - 6*n - i*n**2 + 0*n**2 - n**3. Determine a(-5).
10
Let s(r) = 183 + 176 - 358 - r. Give s(8).
-7
Let h(n) be the second derivative of n**5/20 + n**4/3 - n**3 - n**2 - n. Let y be (-7)/(-15)*-3*-5. Suppose y*f = 3*f - 20. Determine h(f).
3
Suppose -37 - 51 = -4*w. Let j = -9 + w. Let a(d) = d**2 - 5 + 3*d - 5 + j. Determine a(-3).
3
Let p(g) = 1. Let y(d) = 2*d + 1. Let j(r) = 1. Let a(k) = k - 1. Let n(i) = a(i) - 2*j(i). Let l be n(2). Let o(f) = l*y(f) + 4*p(f). Calculate o(-6).
15
Let q(j) = -j**3 + 7*j**2 - 10*j + 2. Let g be q(5). Let t(r) = r + 0*r**2 + 0*r**2 + 0*r**g - 10*r**2. Give t(1).
-9
Let x(m) = 3*m**2 + 7*m + 2. Let w(p) = 5*p**2 + 10*p + 3. Let s(j) = -5*w(j) + 8*x(j). What is s(4)?
9
Suppose 0 = 2*t - 3*k - 27, 2*t + t - 40 = 4*k. Suppose -2*m + t = -4*m. Let n be 0 + 9/((-27)/m). Let d(b) = -b**3 + 3*b**2 - 4*b + 2. Calculate d(n).
-2
Let o(x) = -644*x + 644*x - 2*x**2. What is o(3)?
-18
Let n be ((-3)/6)/((-21)/(-42)). Let h(i) = 5*i**2 - 2*i + 1 + 3*i + 0*i. What is h(n)?
5
Let a(j) = 4*j**2 - j - 1. Suppose -3*x = -2*c + 17, 2*c - 5*x - 7 = -4*x. What is a(c)?
2
Let b(v) be the first derivative of 1/3*v**3 - 12 + v**2 - 5*v. What is b(-3)?
-2
Let m(v) be the first derivative of v**3/3 - v**2 - 10*v + 8. Let i(q) be the first derivative of m(q). Let u be (24/(-9))/((-6)/(-9)). What is i(u)?
-10
Let t(b) = 35 - 4*b**2 + 4*b + 15*b - 28*b - b**3 + 12*b - 9*b**2. What is t(-13)?
-4
Let z(f) be the first derivative of -f**3/3 + 4*f**2 - 4*f - 200. Give z(3).
11
Let y(s) = -s**3 - 3*s**2 + 3*s. Let m = 24 + -28. What is y(m)?
4
Suppose g - 2*k = k + 5, g + 2*k = 0. Let p(x) = x + 6. Let w(j) = 2*j + 12. Let z(r) = g*w(r) - 5*p(r). Calculate z(-5).
-1
Suppose 0 = 5*n - 2*y - 10, -2 = -n - y - 0. Let q(s) = -1 - s + n + 1. Suppose 9*b - 4*b + 30 = 0. Calculate q(b).
8
Let h(u) = u - 8. Let x(c) = c**3 + 22*c**2 + 21*c - 5. Let f be x(-21). Determine h(f).
-13
Let i(z) = -z**3 + 4*z**2 